actors of (-3)/2*11*-2?
3, 11
Let v(o) = -79*o - 1. List the prime factors of v(-1).
2, 3, 13
Suppose 3*q - 160 = -q. Let p = 56 - q. List the prime factors of p.
2
Let o = 52 - 23. List the prime factors of o.
29
Suppose 72 = -0*i + 2*i. List the prime factors of i.
2, 3
Let m(a) be the first derivative of -a**2/2 + 15*a + 3. Let i(z) = 7. Let v(n) = 5*i(n) - 3*m(n). What are the prime factors of v(7)?
11
Let q be 4 + -3 + 2/2. Suppose q*w - 84 + 290 = 4*p, -3*w = -3*p + 150. What are the prime factors of p?
53
Suppose -24 = g - 6. Let z be (-122)/(-18) - 4/g. Let a = z + 0. List the prime factors of a.
7
Suppose 0*m + 2*w + 104 = 2*m, 2*m + 2*w - 112 = 0. Suppose -2*h + m = -4*h. Let g = 45 + h. List the prime factors of g.
2, 3
Let x(f) = f**3 + 8*f**2 - f - 9. Let b be x(-7). Let t = b - 15. List the prime factors of t.
2
Let f(t) = -t**2 - 9*t + 1. Let a be f(-7). Let l be a - (1 + (-2)/(-2)). What are the prime factors of (-2)/l - (-335)/65?
5
Suppose -4*c + 2*o + 108 = -290, -3*o + 492 = 5*c. Suppose 3*z + c = 5*x, 4*z - 11 - 31 = -3*x. List the prime factors of x.
2, 3
Let i be -1 + (-7 - 2) - 0. Let y = i - -18. List the prime factors of y.
2
Let b = 66 - 37. List the prime factors of b.
29
Let l = 35 + 14. Suppose -5*b - 3*r + l = -0*r, -5*r = b - 1. What are the prime factors of b?
11
Suppose -3*g - q = -10, -g + 22 = -0*q + 5*q. What are the prime factors of g?
2
Suppose 23 = 5*x - 2*j, -2*x - 3*x + 3*j + 27 = 0. Suppose -x*t = t - 20. Suppose t*w + 3 - 13 = -2*k, 0 = 3*k + w - 15. List the prime factors of k.
5
Suppose 19 + 106 = 5*r. Let i = r - 12. What are the prime factors of i?
13
Let b = 745 + -436. What are the prime factors of b?
3, 103
Let k be (1/3)/((-3)/(-441)). Suppose 0 = -0*n - 2*n - 3*s + k, 2*n = -4*s + 54. List the prime factors of n.
17
Let c be (3 - -3)/2 - -12. Suppose c = 2*o + o. Let b = 15 - o. What are the prime factors of b?
2, 5
Let c(q) = q**3 + q**2 - 1. Let z be c(-1). Let g(r) = r**3 + 5*r**2 - 7*r - 3. Let i be g(-6). Let k = i - z. List the prime factors of k.
2
Suppose -19 = -3*t - 91. Let i = t + 61. What are the prime factors of i?
37
Let k(r) = 2*r**3 - 4*r**2 - 3. Let x be k(3). Suppose -t - x = -6*t. What are the prime factors of t?
3
Suppose -2*j = -4*f, 11 = 3*j + 4*f + f. Suppose 2*t - 51 = -j*t + g, 2*g + 50 = 4*t. What are the prime factors of t?
13
Let t be ((-32)/12)/(4/(-6)). Suppose -t*a + 4 = 2*q + 12, -2*a = -2*q - 8. Suppose 2*p - p - 11 = a. List the prime factors of p.
11
List the prime factors of 144 + (-6 - (-9)/3).
3, 47
Let u(h) be the first derivative of -h**3/3 + 3*h**2/2 - 1. Let q be u(3). Suppose q = n + 2 - 8. What are the prime factors of n?
2, 3
Let f be 20/1 - (8 + -5). Let b = 3 + f. List the prime factors of b.
2, 5
List the prime factors of -2 + 0 + 1*(7 - -1).
2, 3
Suppose 0*p = -p + 1. Let z be (2/p - 2)/(-3). Suppose -y - 7 = -d, -5*y + 35 = 5*d - z*y. List the prime factors of d.
7
Suppose -4*l + m + 47 = -0*m, 5*l = -4*m + 85. List the prime factors of l.
13
Let c(i) = i**3 + 12*i**2 + 2*i - 2. What are the prime factors of c(-8)?
2, 7, 17
Suppose -16*h - 30 = -21*h. List the prime factors of h.
2, 3
Suppose 5*w = -m - 17, -m + 1 = -2*w - 10. Suppose m*f = f + 46. Suppose -u + f = 2*h, -5*h = -2*u - 2*u - 77. What are the prime factors of h?
13
List the prime factors of 1 + 3/(3/25).
2, 13
Suppose 4*a + 71 = k, -3*k - 355 = -8*k - 4*a. What are the prime factors of k?
71
Let p(u) = -2*u - 6. Let i be p(-4). Let v(w) be the second derivative of w**4/6 - 2*w. List the prime factors of v(i).
2
Suppose 66 = 3*o - 147. Suppose -x + 4*k = -58, -9 = x - 5*k - o. Suppose -x + 6 = -3*h. What are the prime factors of h?
2, 3
Suppose -m = -0*m - 11. Let t = m + 32. What are the prime factors of t?
43
Let j be (-112)/12 - (-2)/(-3). Let c = 2 - j. What are the prime factors of c?
2, 3
Let t(u) = -10*u**3 + 3*u - 2. Let w be t(2). Let f = w - -54. What are the prime factors of (-290)/f + 8/(-44)?
13
Let z = -3 - -4. Suppose -1 - z = q + 2*f, -3*q - 4*f = -2. Suppose 0 = 4*b - 6 - q. List the prime factors of b.
3
Suppose c - 2*w - 137 = -0*c, -3*c + 376 = w. What are the prime factors of c?
127
Let t(z) = 23*z**2 + z + 1. Let a be (-11 - -8)*(-2)/(-6). List the prime factors of t(a).
23
Let y = -20 - -24. What are the prime factors of y?
2
Let h = -18 - -43. What are the prime factors of h?
5
Let f = -34 - -74. Suppose -5*j = -j - f. List the prime factors of j.
2, 5
Let s = 4 - 2. What are the prime factors of s?
2
Suppose 1 = 4*c - 3*h + 49, 0 = c + 4*h + 31. Let w = c - -31. What are the prime factors of w?
2
Suppose 11*s - 6*s = 15. Suppose p + 19 = 3*a, 4*a = -0*a + s*p + 32. List the prime factors of a.
5
Let q(i) = 2*i + 8. Let y be q(-4). What are the prime factors of ((-6)/(-3) - y)*5?
2, 5
Suppose -16 = 3*z - 154. Let a = z + -31. What are the prime factors of a?
3, 5
Let f = -9 + 265. What are the prime factors of f?
2
Suppose -3*i + 12 = -3*n, 2*n + 15 = 5*i - 8. Suppose -2*p = 3*t + 3 - 17, -2*p - 2*t = -12. Suppose -p = -i*j + 16. What are the prime factors of j?
2
Let t(p) = 39*p - 4. What are the prime factors of t(2)?
2, 37
Let a = 5 - 8. Let t be (a + 8/2)*3. Suppose 5*m - t*u - 74 = 0, 2*u + u - 17 = -2*m. List the prime factors of m.
13
Suppose 3*q - 9 = -3*u, 0 = 3*q - u - 2*u - 3. Suppose 0 = -q*d - 14 + 46. List the prime factors of d.
2
What are the prime factors of (-1)/(-1)*26 - -4?
2, 3, 5
Let r(a) = 18*a. Let u be r(1). Let i be (u/(-2))/(3/2). What are the prime factors of (-4)/i - 133/(-21)?
7
Suppose -i + 0*p = 5*p - 59, 5 = 5*p. What are the prime factors of i?
2, 3
Suppose 2*b + 2 = 0, 5*l - 2*l - 24 = -3*b. Let r(d) = d - 7. Let q be r(l). Suppose q*t - t = -3*k + 4, 3*t - 4*k - 38 = 0. List the prime factors of t.
2, 5
Suppose -3*g = -29 - 19. What are the prime factors of g?
2
Let o = 15 - 20. Let c(t) = -4*t - 7. List the prime factors of c(o).
13
Suppose 5*h + 9 + 36 = 0. Let z(j) = -4*j - 21. What are the prime factors of z(h)?
3, 5
Let i = 5 - 3. Let c be 36/3*3/i. Suppose 4*k = a + c, 2*a = -2*k + 9 + 5. List the prime factors of a.
2
Let l = -107 + 155. What are the prime factors of l?
2, 3
Let y be 1/(-1) + -5*1. Let h(k) = -5 + 6 + 4 - k**3 + 5*k - 5*k**2. What are the prime factors of h(y)?
11
What are the prime factors of (-213)/(-5) + (-12)/20?
2, 3, 7
Let h(q) = q**3 - 8*q**2 + q - 8. Let n be h(8). What are the prime factors of -1 - (n + -29 + 2)?
2, 13
Let l(b) = 4 + b**3 + 5 + b + 0*b**3. Let r = 3 + -3. What are the prime factors of l(r)?
3
Suppose -4 = -o + 4*x + 1, 2*o - 5*x - 10 = 0. List the prime factors of o.
5
Suppose -2*y + 7*y = -f + 191, 5*y = -5*f + 1015. List the prime factors of f.
2, 103
What are the prime factors of (-625)/(-7) + 6/(-21)?
89
Suppose 0 = -4*w + w. Suppose 2*h + 3 - 23 = w. What are the prime factors of h?
2, 5
Let t(j) = -9*j + 1. Let f be t(3). Suppose 3*u - 6*u + 108 = 0. Let x = u + f. What are the prime factors of x?
2, 5
Let t = -2 + 7. List the prime factors of t.
5
Let k be 7 + (0 - 0 - 3). Suppose -l - 145 = -3*v - 6*l, k*l - 143 = -3*v. Suppose -4*y + 2*u + 38 = -2*y, 5*y + 5*u - v = 0. List the prime factors of y.
2, 7
Suppose -o + 4*o - 5*k = 11, 20 = -5*k. Let q be (o + 4)/((-2)/(-58)). Suppose 3*g - 5*m - 11 = 41, q = g - 4*m. List the prime factors of g.
3
Suppose 5*k + f - 217 = 0, -k + 209 = 4*k - 3*f. What are the prime factors of k?
43
Let q be (-8)/4*(1 + 0). Let n = q + 5. Suppose -2*p + 55 = n*p. List the prime factors of p.
11
Suppose 128 = 2*t + 2*t. List the prime factors of t.
2
Let p be 0 + (0 - -2) + -3. Let d be (3/4)/(p/(-4)). Suppose -5*l - f = d*f - 51, 3*l - 31 = -2*f. List the prime factors of l.
11
Suppose -4*y + 12 = -y. Suppose -3*n - y = 8, -4*a - 5*n = -36. What are the prime factors of a?
2, 7
Suppose 5*u - 5*f = -54 + 1959, -5*u + 1955 = 5*f. List the prime factors of u.
2, 193
Suppose -m - 19 = -5*h, m - 36 = -5*h - 5. Suppose -m*d = -2*d - 68. List the prime factors of d.
17
Suppose 10 = 2*g, -6*g + 38 = u - 2*g. List the prime factors of u.
2, 3
Let n(g) = g**3 + 6*g**2 - 6*g - 8. What are the prime factors of n(-5)?
47
Let m(j) = 6*j + 2. Let u(z) = z + 1. Let p(s) = m(s) - 4*u(s). List the prime factors of p(8).
2, 7
Suppose -4*m = -m + 45.